prime factors of 20099794.
2, 11, 13, 6389
What are the prime factors of 628318?
2, 314159
List the prime factors of 16360115.
5, 3272023
List the prime factors of 30738591.
3, 13, 262723
What are the prime factors of 473747?
89, 5323
List the prime factors of 4712875.
5, 37, 1019
List the prime factors of 3515288.
2, 7, 62773
What are the prime factors of 121781?
11, 11071
What are the prime factors of 4912419?
3, 71, 23063
List the prime factors of 263502.
2, 3, 14639
List the prime factors of 2856508.
2, 23, 61, 509
List the prime factors of 238349.
23, 43, 241
What are the prime factors of 6244897?
37, 168781
What are the prime factors of 1840688?
2, 29, 3967
List the prime factors of 13762559.
29, 474571
List the prime factors of 297752.
2, 7, 13, 409
List the prime factors of 878344.
2, 109793
List the prime factors of 83181.
3, 7, 17, 233
What are the prime factors of 13568?
2, 53
List the prime factors of 6448456.
2, 7, 115151
List the prime factors of 534857.
534857
What are the prime factors of 3175906?
2, 17, 29, 3221
List the prime factors of 222318.
2, 3, 23, 179
List the prime factors of 1143386.
2, 17, 33629
List the prime factors of 15943715.
5, 23, 138641
List the prime factors of 1684475.
5, 13, 71, 73
What are the prime factors of 1754465?
5, 211, 1663
List the prime factors of 3302296.
2, 61, 67, 101
What are the prime factors of 1129107?
3, 7, 7681
List the prime factors of 12524.
2, 31, 101
List the prime factors of 86668.
2, 47, 461
List the prime factors of 1287789.
3, 197, 2179
What are the prime factors of 3467311?
1237, 2803
List the prime factors of 24283301.
7, 1049, 3307
List the prime factors of 764830.
2, 5, 11, 17, 409
List the prime factors of 374590.
2, 5, 47, 797
List the prime factors of 1588732.
2, 397183
List the prime factors of 2830511.
2830511
List the prime factors of 7977612.
2, 3, 389, 1709
What are the prime factors of 1915843?
1915843
What are the prime factors of 12478143?
3, 131, 31751
What are the prime factors of 15622951?
15622951
List the prime factors of 1846903.
1846903
List the prime factors of 43807975.
5, 1752319
List the prime factors of 8388187.
8388187
List the prime factors of 255028.
2, 103, 619
What are the prime factors of 10149494?
2, 5074747
What are the prime factors of 1016690?
2, 5, 19, 5351
List the prime factors of 1730321.
877, 1973
What are the prime factors of 703090?
2, 5, 70309
What are the prime factors of 176915?
5, 41, 863
What are the prime factors of 402557?
59, 6823
List the prime factors of 141925.
5, 7, 811
What are the prime factors of 733953?
3, 11, 23, 967
What are the prime factors of 4953843?
3, 550427
What are the prime factors of 24085851?
3, 181, 44357
What are the prime factors of 552986?
2, 7, 39499
What are the prime factors of 10718895?
3, 5, 11, 167, 389
List the prime factors of 13870216.
2, 1733777
List the prime factors of 23066645.
5, 7, 659047
What are the prime factors of 2674943?
2674943
List the prime factors of 321107.
107, 3001
List the prime factors of 5227153.
5227153
List the prime factors of 1168289.
727, 1607
List the prime factors of 10502081.
101, 103981
List the prime factors of 315983.
31, 10193
List the prime factors of 6924.
2, 3, 577
What are the prime factors of 79336?
2, 47, 211
What are the prime factors of 41166120?
2, 3, 5, 343051
List the prime factors of 376088.
2, 53, 887
What are the prime factors of 434741?
17, 107, 239
What are the prime factors of 1339607?
1339607
What are the prime factors of 12978459?
3, 13, 110927
What are the prime factors of 948550?
2, 5, 61, 311
List the prime factors of 190333.
11, 13
List the prime factors of 550707.
3, 183569
List the prime factors of 9084351.
3, 37, 223, 367
List the prime factors of 55599.
3, 43, 431
What are the prime factors of 135887?
135887
What are the prime factors of 187474?
2, 7, 1913
List the prime factors of 5578818.
2, 3, 7, 19, 6991
List the prime factors of 178639.
178639
List the prime factors of 171266.
2, 19, 4507
What are the prime factors of 1802153?
17, 227, 467
What are the prime factors of 678289?
678289
What are the prime factors of 2610565?
5, 522113
List the prime factors of 44286.
2, 3, 11, 61
What are the prime factors of 372493?
11, 33863
What are the prime factors of 22427006?
2, 7, 228847
What are the prime factors of 61918?
2, 83, 373
List the prime factors of 1123445.
5, 17, 13217
List the prime factors of 1863635.
5, 199, 1873
List the prime factors of 10215796.
2, 2553949
What are the prime factors of 16534282?
2, 107, 77263
What are the prime factors of 281187?
3, 157, 199
What are the prime factors of 19771295?
5, 3954259
List the prime factors of 2121679.
7, 303097
List the prime factors of 1664593.
7, 37, 6427
List the prime factors of 322417.
322417
List the prime factors of 239266.
2, 119633
List the prime factors of 652554.
2, 3, 7, 5179
List the prime factors of 7499749.
97, 77317
What are the prime factors of 7738470?
2, 3, 5, 28661
What are the prime factors of 285925?
5, 11437
List the prime factors of 1843833.
3, 614611
What are the prime factors of 725712?
2, 3, 13, 1163
What are the prime factors of 5043534?
2, 3, 840589
What are the prime factors of 2361231?
3, 41, 79
List the prime factors of 3873504.
2, 3, 157, 257
List the prime factors of 206882.
2, 13, 73, 109
List the prime factors of 4388130.
2, 3, 5, 48757
What are the prime factors of 3860200?
2, 5, 19301
List the prime factors of 8733516.
2, 3, 11, 109, 607
What are the prime factors of 12299980?
2, 5, 7, 11, 163
List the prime factors of 511758.
2, 3, 13
List the prime factors of 2899603.
7, 467, 887
What are the prime factors of 256480?
2, 5, 7, 229
What are the prime factors of 40402902?
2, 3, 6733817
What are the prime factors of 125863?
125863
List the prime factors of 1214210.
2, 5, 121421
List the prime factors of 1411661.
37, 38153
List the prime factors of 19602395.
5, 19, 206341
What are the prime factors of 991502?
2, 495751
What are the prime factors of 229114?
2, 97, 1181
List the prime factors of 4461553.
4461553
What are the prime factors of 13540?
2, 5, 677
List the prime factors of 187236.
2, 3, 7, 743
List the prime factors of 22563198.
2, 3, 7, 101, 197
What are the prime factors of 8594635?
5, 7, 245561
List the prime factors of 199305.
3, 5, 43, 103
What are the prime factors of 213435?
3, 5, 17, 31
What are the prime factors of 9117198?
2, 3, 167, 337
What are the prime factors of 8065284?
2, 3, 672107
What are the prime factors of 266218?
2, 133109
What are the prime factors of 147032?
2, 18379
What are the prime factors of 3484840?
2, 5, 87121
List the prime factors of 1262500.
2, 5, 101
List the prime factors of 3199543.
19, 8863
What are the prime factors of 115901?
115901
List the prime factors of 1357355.
5, 271471
List the prime factors of 5496839.
23, 10391
List the prime factors of 249364.
2, 31, 2011
What are the prime factors of 1206008?
2, 233, 647
List the prime factors of 4645312.
2, 7, 10369
What are the prime factors of 145498?
2, 23, 3163
What are the prime factors of 1698341?
173, 9817
List the prime factors of 12313079.
41, 300319
What are the prime factors of 18142379?
167, 108637
What are the prime factors of 3398134?
2, 1699067
List the prime factors of 71668.
2, 19, 23, 41
What are the prime factors of 47437?
13, 41, 89
What are the prime factors of 475845?
3, 5, 31723
What are the prime factors of 729159?
3, 37, 6569
List the prime factors of 155807.
37, 4211
What are the prime factors of 4480107?
3, 1493369
What are the prime factors of 594127?
47, 12641
List the prime factors of 215090.
2, 5, 137, 157
What are the prime factors of 17458361?
17458361
What are the prime factors of 517014?
2, 3, 28723
List the prime factors of 6351768.
2, 3, 47, 1877
List the prime factors of 14271344.
2, 37, 24107
What are the prime factors of 73960?
2, 5, 43
List the prime factors of 1360388.
2, 239, 1423
List the prime factors of 1478521.
11, 257, 523
What are the prime factors of 7482000?
2, 3, 5, 29, 43
What are the prime factors of 1372573?
167, 8219
List the prime factors of 6608028.
2, 3, 7, 97, 811
List the prime factors of 10955202.
2, 3, 1825867
What are the prime factors of 4298062?
2, 2149031
List the prime factors of